it of 1?
1
What is the tens digit of 1075?
7
What is the hundreds digit of 166?
1
What is the hundreds digit of 32889?
8
What is the thousands digit of 14897?
4
What is the tens digit of 103?
0
What is the thousands digit of 2669?
2
What is the thousands digit of 7393?
7
What is the hundreds digit of 670?
6
What is the units digit of 1805?
5
What is the thousands digit of 9760?
9
What is the tens digit of 4305?
0
What is the hundreds digit of 8934?
9
What is the hundreds digit of 682?
6
What is the ten thousands digit of 82900?
8
What is the tens digit of 6852?
5
What is the thousands digit of 1186?
1
What is the hundreds digit of 939?
9
What is the thousands digit of 1354?
1
What is the units digit of 904?
4
What is the hundreds digit of 2621?
6
What is the thousands digit of 25721?
5
What is the units digit of 738?
8
What is the units digit of 437?
7
What is the units digit of 840?
0
What is the tens digit of 2258?
5
What is the hundreds digit of 1208?
2
What is the tens digit of 148?
4
What is the ten thousands digit of 32259?
3
What is the tens digit of 393?
9
What is the ten thousands digit of 75829?
7
What is the hundreds digit of 2279?
2
What is the units digit of 1973?
3
What is the thousands digit of 7303?
7
What is the thousands digit of 4115?
4
What is the units digit of 403?
3
What is the hundreds digit of 1333?
3
What is the hundreds digit of 193173?
1
What is the ten thousands digit of 86539?
8
What is the thousands digit of 2266?
2
What is the units digit of 4287?
7
What is the thousands digit of 6235?
6
What is the tens digit of 676?
7
What is the tens digit of 1505?
0
What is the hundreds digit of 1922?
9
What is the thousands digit of 85065?
5
What is the hundreds digit of 155691?
6
What is the tens digit of 803?
0
What is the thousands digit of 2969?
2
What is the units digit of 13851?
1
What is the tens digit of 7355?
5
What is the tens digit of 83912?
1
What is the thousands digit of 41293?
1
What is the hundreds digit of 3586?
5
What is the units digit of 1123?
3
What is the hundreds digit of 6216?
2
What is the units digit of 3210?
0
What is the units digit of 70?
0
What is the tens digit of 2840?
4
What is the thousands digit of 23026?
3
What is the hundreds digit of 720?
7
What is the tens digit of 33658?
5
What is the hundreds digit of 30679?
6
What is the units digit of 469?
9
What is the thousands digit of 14850?
4
What is the hundreds digit of 666?
6
What is the thousands digit of 3791?
3
What is the tens digit of 334?
3
What is the ten thousands digit of 11140?
1
What is the units digit of 880?
0
What is the ten thousands digit of 41984?
4
What is the hundreds digit of 149?
1
What is the units digit of 5265?
5
What is the thousands digit of 2562?
2
What is the ten thousands digit of 21394?
2
What is the hundreds digit of 51191?
1
What is the units digit of 1362?
2
What is the ten thousands digit of 138196?
3
What is the thousands digit of 4101?
4
What is the ten thousands digit of 13800?
1
What is the units digit of 3995?
5
What is the ten thousands digit of 13405?
1
What is the units digit of 388?
8
What is the tens digit of 79268?
6
What is the units digit of 73556?
6
What is the hundreds digit of 88668?
6
What is the hundreds digit of 11411?
4
What is the hundreds digit of 4889?
8
What is the units digit of 42708?
8
What is the tens digit of 921?
2
What is the tens digit of 7589?
8
What is the thousands digit of 30950?
0
What is the units digit of 2409?
9
What is the ten thousands digit of 24044?
2
What is the units digit of 739?
9
What is the units digit of 9886?
6
What is the tens digit of 49136?
3
What is the hundreds digit of 4238?
2
What is the units digit of 370?
0
What is the thousands digit of 8454?
8
What is the thousands digit of 12006?
2
What is the tens digit of 136558?
5
What is the hundreds digit of 5736?
7
What is the hundreds digit of 790?
7
What is the units digit of 97?
7
What is the tens digit of 920?
2
What is the units digit of 825?
5
What is the units digit of 725?
5
What is the units digit of 306?
6
What is the tens digit of 3105?
0
What is the ten thousands digit of 39839?
3
What is the hundreds digit of 14463?
4
What is the thousands digit of 12906?
2
What is the hundreds digit of 55868?
8
What is the ten thousands digit of 23608?
2
What is the ten thousands digit of 20377?
2
What is the tens digit of 5563?
6
What is the units digit of 94689?
9
What is the ten thousands digit of 26351?
2
What is the units digit of 47?
7
What is the units digit of 22748?
8
What is the ten thousands digit of 138220?
3
What is the tens digit of 1076?
7
What is the ten thousands digit of 67512?
6
What is the thousands digit of 19223?
9
What is the hundreds digit of 557?
5
What is the thousands digit of 48726?
8
What is the units digit of 38245?
5
What is the hundreds digit of 9374?
3
What is the tens digit of 1100?
0
What is the ten thousands digit of 18251?
1
What is the hundreds digit of 4221?
2
What is the hundreds digit of 892?
8
What is the ten thousands digit of 15464?
1
What is the tens digit of 1697?
9
What is the tens digit of 7697?
9
What is the thousands digit of 2931?
2
What is the thousands digit of 16662?
6
What is the units digit of 4076?
6
What is the tens digit of 5625?
2
What is the thousands digit of 34599?
4
What is the thousands digit of 1254?
1
What is the hundreds digit of 9089?
0
What is the hundreds digit of 3552?
5
What is the thousands digit of 1642?
1
What is the units digit of 8387?
7
What is the thousands digit of 4993?
4
What is the units digit of 51946?
6
What is the units digit of 30?
0
What is the units digit of 4280?
0
What is the thousands digit of 27693?
7
What is the hundreds digit of 1510?
5
What is the thousands digit of 2346?
2
What is the hundreds digit of 711?
7
What is the tens digit of 794?
9
What is the tens digit of 3309?
0
What is the hundreds digit of 25372?
3
What is the units digit of 37534?
4
What is the thousands digit of 8256?
8
What is the units digit of 51321?
1
What is the hundreds digit of 1183?
1
What is the units digit of 22980?
0
What is the thousands digit of 1566?
1
What is the hundreds digit of 204?
2
What is the hundreds digit of 1275?
2
What is the tens digit of 14656?
5
What is the hundreds digit of 152?
1
What is the ten thousands digit of 12323?
1
What is the thousands digit of 8695?
8
What is the thousands digit of 3709?
3
What is the thousands digit of 30501?
0
What is the ten thousands digit of 58402?
5
What is the tens digit of 1252?
5
What is the hundreds digit of 955?
9
What is the tens digit of 4593?
9
What is the hundreds digit of 1153?
1
What is the units digit of 3995?
5
What is the tens digit of 23255?
5
What is the tens digit of 17?
1
What is the hundreds digit of 945?
9
What is the hundreds digit of 258?
2
What is the units digit of 4992?
2
What is the units digit of 82318?
8
What is the tens digit of 808?
0
What is the tens digit of 3333?
3
What is the thousands digit of 3410?
3
What is the units digit of 25?
5
What is the tens digit of 6279?
7
What is the tens digit of 5095?
9
What is the tens digit of 3792?
9
What is the ten thousands digit of 15055?
1
What is the units digit of 4548?
8
What is the thousands digit of 19952?
9
What is the thousands digit of 8050?
8
What is the thousands digit of 5906?
5
What is the hundreds digit of 120707?
7
What is the hundreds digit of 3439?
4
What is the thousands digit of 2094?
2
What is the hundreds digit of 6041?
0
What is the thousands digit of 6382?
6
What is the ten thousands digit of 62648?
6
What is the units digit of 4804?
4
What is the ten thousands digit of 69029?
6
What is the thousands digit of 120711?
0
What is the units digit of 9739?
9
What is the units digit of 26179?
9
What is the hundreds digit of 1092?
0
What is the tens digit of 17953?
5
What is the units digit of 3718?
8
What is the units digit of 70?
0
What is the tens digit of 155118?
1
What is the ten thousands digit of 26538?
2
What is the hundreds digit of 2412?
4
What is the units digit of 1531?
1
What is the hundreds digit of 23098?
0
What is the thousands digit of 4903?
4
What is the hundreds digit of 687?
6
What is the units digit of 121531?
1
What is the tens digit of 22?
2
What is the ten thousands d